 is the highest common divisor of 1 and 109?
1
Calculate the greatest common factor of 125778 and 96.
6
Calculate the highest common factor of 240 and 6380.
20
Calculate the greatest common divisor of 59144 and 4.
4
What is the greatest common factor of 11 and 20807611?
11
What is the highest common divisor of 1827 and 97839?
63
What is the highest common divisor of 90920 and 80?
40
What is the greatest common divisor of 10590 and 128139?
1059
What is the highest common factor of 40 and 215?
5
Calculate the highest common divisor of 256 and 938176.
64
What is the highest common divisor of 32078 and 86?
86
What is the greatest common divisor of 3886 and 9246?
134
Calculate the greatest common divisor of 868 and 6764324.
868
What is the highest common factor of 34 and 195922?
2
What is the greatest common factor of 1786 and 188?
94
Calculate the greatest common factor of 11286 and 14256.
594
Calculate the highest common factor of 5831 and 43561.
343
Calculate the greatest common factor of 5118255 and 5.
5
What is the greatest common divisor of 4929 and 2883?
93
Calculate the highest common divisor of 1197 and 15048.
171
What is the greatest common divisor of 1302 and 395994?
186
Calculate the greatest common factor of 5555 and 30805.
505
Calculate the highest common divisor of 1947 and 281017.
649
What is the greatest common factor of 16300 and 978?
326
What is the highest common factor of 886204 and 748?
44
What is the greatest common factor of 2640 and 1044384?
528
What is the highest common factor of 16143 and 6?
3
Calculate the highest common factor of 6750 and 384615.
135
Calculate the greatest common divisor of 16511 and 2923.
79
Calculate the greatest common divisor of 2416 and 3926.
302
Calculate the highest common factor of 187 and 418693.
187
Calculate the highest common factor of 300 and 4750.
50
Calculate the highest common factor of 25768 and 104.
8
Calculate the highest common divisor of 810 and 32346.
54
What is the greatest common divisor of 4430 and 1290?
10
What is the highest common factor of 1150 and 16850?
50
Calculate the greatest common divisor of 70746 and 39.
39
What is the greatest common divisor of 36208 and 1550?
62
What is the highest common factor of 175857 and 2673?
33
Calculate the highest common divisor of 55 and 50237.
11
What is the highest common factor of 3848 and 8008?
104
What is the highest common divisor of 575130 and 2280?
570
Calculate the highest common factor of 2695 and 243775.
245
What is the highest common factor of 38805 and 1560?
195
What is the greatest common divisor of 136 and 106352?
136
Calculate the highest common factor of 189849 and 64329.
1569
What is the highest common divisor of 171 and 1368?
171
Calculate the highest common factor of 1758 and 354.
6
What is the greatest common divisor of 31959 and 207?
9
What is the greatest common divisor of 2633146 and 106?
106
Calculate the highest common divisor of 189670 and 390.
130
Calculate the greatest common factor of 20 and 6634780.
20
What is the highest common divisor of 30 and 70116?
6
Calculate the greatest common divisor of 13486 and 8954.
22
What is the greatest common divisor of 329 and 17484?
47
Calculate the greatest common divisor of 104 and 2792.
8
What is the greatest common factor of 6383795 and 2035?
2035
What is the highest common factor of 291189 and 870?
87
Calculate the greatest common divisor of 6 and 196731.
3
Calculate the highest common factor of 2170 and 49228.
62
What is the greatest common divisor of 151867 and 57?
19
Calculate the greatest common factor of 1364 and 32076.
44
What is the greatest common factor of 77 and 2772?
77
Calculate the highest common divisor of 310680 and 4320.
360
What is the greatest common factor of 757960 and 360?
40
What is the greatest common factor of 999 and 518?
37
What is the highest common factor of 40 and 10910?
10
What is the highest common divisor of 1126 and 112?
2
Calculate the highest common divisor of 15886 and 282.
94
Calculate the greatest common divisor of 3570 and 3468.
102
Calculate the highest common divisor of 442 and 544.
34
Calculate the highest common divisor of 82 and 472566.
82
What is the highest common factor of 100 and 26900?
100
Calculate the highest common divisor of 1123337 and 19.
19
Calculate the highest common factor of 1110 and 75850.
370
What is the highest common factor of 388 and 3018640?
388
What is the highest common divisor of 96 and 7584?
96
Calculate the highest common divisor of 13604 and 76612.
716
Calculate the greatest common divisor of 11169 and 102.
51
Calculate the highest common factor of 40056 and 48.
24
Calculate the greatest common factor of 29378 and 148.
74
Calculate the greatest common divisor of 2627 and 4477.
37
Calculate the highest common divisor of 278210 and 1720.
430
Calculate the highest common divisor of 555 and 1405075.
185
Calculate the highest common factor of 30 and 20550.
30
Calculate the greatest common divisor of 266358 and 103.
103
What is the greatest common divisor of 913 and 2519?
11
Calculate the greatest common divisor of 5400 and 59544.
72
What is the greatest common factor of 306410 and 130?
130
What is the greatest common factor of 279390 and 1860?
30
Calculate the highest common factor of 2022873 and 5244.
1311
What is the greatest common divisor of 9992 and 52?
4
What is the highest common factor of 583216 and 16?
16
What is the highest common factor of 235 and 4277?
47
What is the highest common divisor of 99 and 282249?
99
Calculate the greatest common factor of 700 and 4781.
7
Calculate the highest common divisor of 8815 and 615.
205
What is the greatest common divisor of 53892 and 6?
6
Calculate the greatest common divisor of 4376 and 792.
8
Calculate the highest common factor of 21590 and 510.
170
Calculate the greatest common factor of 2328 and 600.
24
Calculate the highest common factor of 60 and 62070.
30
Calculate the greatest common factor of 130920 and 960.
120
What is the greatest common factor of 360884 and 1328?
332
What is the greatest common factor of 10132 and 8092?
68
What is the greatest common divisor of 41553 and 135?
27
What is the highest common divisor of 162204 and 126?
42
Calculate the greatest common factor of 8517684 and 21.
21
Calculate the greatest common factor of 38 and 26847.
19
Calculate the highest common divisor of 2176530 and 60.
30
Calculate the greatest common divisor of 199014 and 492.
246
Calculate the greatest common factor of 20 and 433190.
10
What is the greatest common divisor of 195 and 32520?
15
What is the highest common factor of 254 and 453771?
127
Calculate the greatest common factor of 107661 and 6375.
51
What is the highest common divisor of 9759 and 363?
3
What is the highest common factor of 124 and 5035082?
62
Calculate the greatest common factor of 3175 and 3498215.
635
Calculate the highest common divisor of 478928 and 48.
16
What is the greatest common divisor of 897 and 2769?
39
Calculate the greatest common divisor of 22569 and 48.
3
Calculate the highest common divisor of 2080 and 6368.
32
What is the highest common divisor of 6882 and 527?
31
What is the greatest common divisor of 15352 and 684?
76
Calculate the highest common divisor of 1575 and 288.
9
Calculate the highest common factor of 481 and 6773.
13
What is the highest common factor of 15782 and 598?
26
What is the greatest common divisor of 43931 and 2364?
197
What is the highest common divisor of 5792 and 1216?
32
Calculate the greatest common factor of 734601 and 84.
21
Calculate the greatest common divisor of 152021 and 2705.
541
What is the highest common divisor of 10291600 and 10?
10
Calculate the highest common factor of 1582 and 507144.
226
What is the highest common divisor of 46116 and 353052?
756
What is the highest common divisor of 556371 and 36?
9
Calculate the highest common divisor of 119 and 12551.
7
What is the highest common factor of 18 and 5928?
6
What is the highest common divisor of 1163322 and 4342?
334
Calculate the highest common factor of 1000 and 8375.
125
What is the highest common factor of 2621988 and 24?
12
Calculate the greatest common factor of 4468 and 184.
4
Calculate the greatest common divisor of 471 and 4.
1
What is the highest common facto